+ (1 - -18) + 12 + -8
12
What is the value of 3 + -2 - (-11 + (-17 - -9 - -5)) - 5?
10
What is the value of 1 + (-5 - (0 + -1)) + 8 - (-26 - -12)?
19
Evaluate -9 - 5 - (200 + -264).
50
What is the value of 5 + (16 - (54 + (14 - 7) + -5))?
-35
What is 56 + (-27 + -4 - (-166 + 159))?
32
3 + 2 + -1 + -8 + 75 + (9 - 23)
57
-32 + 2 + 0 + (20 - -56 - 53)
-7
What is 229 + -202 - (-17 + -9)?
53
Calculate 4 + -12 + 0 + 1 - (68 - (-73 + 105)).
-43
Calculate (-25 - 11 - -58 - 40) + 28.
10
Evaluate -235 - -173 - 2 - (3 + 16).
-83
Calculate 747 + -772 - (-5 - 28).
8
Calculate (-28 - (12 + -4 + (-11 - 2))) + 8.
-15
Evaluate 0 - 15 - (-24 + 157 + -79).
-69
Evaluate 47 + -29 - (12 - -4 - 1) - (-10 - -3).
10
69 - ((-43 - (22 - 52)) + 41)
41
14 + 9 + -13 - ((-10 - 0) + (-15 - -99))
-64
What is the value of 196 - 72 - 231 - (-12 - -2)?
-97
Evaluate -54 + (39 - (-43 - -29)).
-1
What is (12 - 2) + (64 - (-151 + 136))?
89
Evaluate 38 + (-24 - -42) + -90.
-34
Evaluate (-13 - 5) + (4 - (-11 - -14)) + 17.
0
What is the value of (-138 + -1 - (-10 - 7)) + (32 - 23)?
-113
Calculate -9 + 15 + 0 + -32.
-26
Calculate 12 + 18 - 22 - 29 - 83.
-104
36 + 1 + -4 + -9 + -2 + 11
33
Evaluate 0 + 24 - (-68 + 50).
42
Evaluate 5 + 7 + ((5 - 13) + 53 + -33 - -13).
37
What is -10 + (58 - 105) - -12?
-45
Evaluate 17 - (-19 - (19 + 23)).
78
12 - ((1 - 19) + (326 - 352 - (-2 + -19)))
35
Evaluate 107 - -44 - -3 - (-2 - -1 - (-3 - 5)).
147
What is the value of (9 - -34) + 17 + -117?
-57
Calculate (-2 + 2 - 58) + (-14 + -2 + 17 - -4).
-53
What is the value of -50 + 91 + -33 + -18?
-10
Evaluate 152 + (-55 + 78 - 108).
67
What is 161 + -9 + -59 - 77?
16
12 + 73 + 6 + (-17 - -4) - (15 - 16)
79
What is the value of 14 + (32 - -3) + -17 - (0 + (1 - 0))?
31
Calculate 17 + (0 - -3) + -2 + (3898 - 3896).
20
What is -20 + (-28 - -17 - (9 + -21 - -17))?
-36
Evaluate (1 - 107) + 3801 + -3754.
-59
3 + -6 + -16 + 4 + 5 + 8
-2
What is the value of 5 + (1 - 14 - (-171 + 158)) + 21?
26
-239 + 230 - (-1 + (-4 - (-4 + 2 - 22)))
-28
What is (-4 - 1 - 5) + (3 + -17 - -101)?
77
(-150 - (-148 - -80)) + 54
-28
Evaluate -91 + 64 + -72 - -46.
-53
Calculate 31 + -1 + (656 - 757).
-71
What is the value of (-76 + 89 - (18 - -1)) + -32?
-38
-121 + -1 + (-23830 - -23904)
-48
Calculate -51 + (-7 - (-8 - (2 - -5)) - 8) + -9.
-60
What is 371 - 344 - (2 + 4)?
21
What is 26 + -8 - (17 + 7 + 2)?
-8
Calculate (-5 - -1 - 5) + 271 + -276 - -21.
7
1 + 41 - 70 - (3 + 6 + -3)
-34
What is the value of (17 - 120) + -53 - -77?
-79
What is the value of (39 - 0) + 10 + (90 - 64)?
75
Calculate (26 - 0) + (-31 - (-23 + 9)) + 63.
72
(19 + 8 - 52) + 27 - -26
28
Evaluate (1 - 9) + (5 - (9 + -12) - 19 - 17).
-36
What is the value of (-5 - -6) + (3 - -8) - (5 - 15)?
22
Evaluate 15 - (-54 + 43 - (3 + -99)).
-70
-12 - (16 + -35) - 40 - -24
-9
What is 34 + -7 + 0 + -20 - (-9 - -28)?
-12
What is (-3 - 55) + 198 + -86?
54
-27 - (-23 + 64 + -33)
-35
-1 - 2 - (-30 + -75 + 39) - (-1 + 9)
55
34 + 36 + -3 + -63
4
What is 61 + (-25 + 28 - (-5 - -6)) + -4 + 6?
65
Evaluate 94 + (-31 + 67 - 88).
42
What is 2 + 33 + (1827 - 1803)?
59
598 - 599 - (-3 + 5 - (3 + -2))
-2
Calculate (-21 + -4 - 1) + (-83 - -75).
-34
(-20 - -27) + -3 + -2 + 23 + -10
15
Calculate 87 + -1 - (137 - 38 - 122).
109
(-14 - -15 - 32) + 20
-11
Calculate (62 + -13 - 37) + (-3 - (-3 - -2) - 21).
-11
What is 2 - (34 + (15 - (6 - 0) - 21))?
-20
What is -8 - -8 - (2 - (10 + (6 - 16) + 0))?
-2
Calculate (-8 + -2 + (6 - 0) - 2) + -16.
-22
What is -70 - (-96 + 80 + 14 + -2)?
-66
Calculate 57 + -202 + 168 + -20 + -2.
1
Calculate 0 - ((17 + (-11 - -8) - -11) + -24).
-1
Calculate 105 - (59 - 63 - -47).
62
What is the value of 27 + -68 - 8 - -19?
-30
Calculate -13 + 27 - (-119 + 138 + -4 + 1).
-2
What is 3 + ((-32 + 13 - -13) + (80 - -3) - 13)?
67
What is -16 - (13 - -2) - (-18 + 38)?
-51
Evaluate 47 + -4 + -20 + 0 + -6.
17
What is -58 - (115 - 78) - ((-3 - (-2 + 2)) + -3)?
-89
What is 5 + (-44 - (7 + (6 - 12) + -8))?
-32
What is the value of -16 + (9 - ((11 - (3 - 11)) + 6))?
-32
Calculate -98 + (95 + 2 - 127).
-128
-52 - ((4 - 11) + -9 - -11)
-47
3 + 1 - (-1 + (-68 - -18) - -11 - -12)
32
What is -45 + (-12 - -29) - -27?
-1
Calculate (1 - (-36 - -21)) + 32.
48
Calculate 16 - (-53 - 1 - 4 - -40).
34
Calculate (-14 + 9 - (-19 + 8 - -10) - 4) + -29.
-37
(68 - (40 - 4)) + -96 + -1
-65
What is the value of 11 + 1 + 10 + (-19 - -4 - -4)?
11
What is -72 + 38 + (-1 - -14) - -47 - (-2 + 11)?
17
What is 50 + -9 + 19 - (-26 + 37)?
49
Calculate 79 - (375 + -350 + -1 + -28).
83
What is 1 + 24 + 119 + (36 - 206)?
-26
-23 + (1009 - 1021) + 133 + 0 + -12 + 1
87
What is the value of -4 + 9 - 2 - (40 + -30) - -5?
-2
What is the value of 6 + (-11 + 12 + -3 - 7) + -2?
-5
Calculate -2 + 27 + (-185 - -212) + 28.
80
Calculate (0 - -14) + -54 + (17 - 12) + 104.
69
(-324 - -313) + 2 + 49 + (2 - 5)
37
Evaluate 106 + (-5 - (-5 + 48)).
58
What is 1964 - 1861 - (0 + 179)?
-76
Evaluate 8 - (-11 + 0 - (-32 - (21 - 44 - -12))).
-2
(8708 - 8876) + (32 - (-3 - -1))
-134
Evaluate -8 - ((-112 - -91) + -21 + 2).
32
What is the value of (-34 - (-80 + 18)) + (-1 - -2) + 3 + -2?
30
What is the value of (77 - 33) + (4 - 24) + 11?
35
Evaluate (-83 + 5 - 1) + (449 - 411).
-41
What is (-8 - 1) + (-329 - -367) + -1 + -18?
10
Calculate -49 - (-68 + -6 - 14).
39
Calculate (-8 - -19) + -14 + 47 - (-2 + -1 - 6).
53
What is 10 - ((0 - 7) + (28 + -8 - -38))?
-41
Calculate 14 + (0 - 22) + (373 - 365).
0
Evaluate 96 + 57 + -164 + 73.
62
20 + 12 + 1 + (-2 - -9) + -12
28
-12 - ((-242 - -221) + 27 + -1)
-17
Calculate -9 + 1 + (-37 - -16 - -29).
0
Evaluate -31 + 10 + (14 - (2 + (15 + 4 - -6))).
-34
Calculate (-17 - (-18 - -6)) + 95 + (4 - 8).
86
Calculate (-12 - -11) + -4 + -69 + 52.
-22
What is (-426 - -388) + (2 - -5) - -95?
64
Evaluate (-39 - 3) + (-94 - -143) + -8.
-1
(113 - 53) + -24 + 23
59
Evaluate 27 + 13 + (-20 - 1) + -18.
1
Evaluate (-422 - -341) + 38 + 1.
-42
What is (-45 + 46 - (2 + -7 + 10)) + 23?
19
Calculate -65 + 0 + 3 + 7 + (-11 - -21 - 15).
-60
What is (-1 - (154 - 95)) + 1?
-59
25 - (-15 - (-12 - 7)) - 13
8
What is -89 - -120 - 166 - -79?
-56
What is -94 - (55 + -259 + 61)?
49
What is -4 + -105 + 58 + 23 + 0?
-28
Calculate 58 + -17 + (4 + 1 - 4).
42
-1 + -1 + 6 - (-27 - (38 + -21) - -26)
22
-153 + 65 + -15 + 160
57
Calculate (89 - 74 - -62) + -6 + 1 - -7.
79
Calculate (-453 - -543) + (-3 - (-2 - (29 - 4))).
114
24 - -16 - (31 - 63)
72
Calculate -1 + -4 + (8 - 3) - (-227 + 213).
14
What is -38 + 27 + 72 + -84?
-23
Calculate (21 - 1 - (178 + -164)) + 1 + 2.
9
-9 + 3 + (-29 - -56) - -18
39
What is the value of 3154 + -3122 - (0 + 0 + 15)?
17
Calculate ((11 - 11) + -11 - 77) + (25 - 6).
-69
What is the value of (-10 - 49) + 0 + 13 + 11 + -13?
-48
Calculate -16 + (14 - (-33 - 0)) + -71.
-40
What is the value of -125 + 60 - -40 - -80?
55
Evaluate -67 - (58 - 139) - ((-1 + 0 - 3) + 60).
-42
What is -50 - (-13 - ((-19 - -8) + 15) - -2)?
-35
What is the value of 157 - (-10 + (18 - (-9 + 36)) + 36)?
140
31 + (-30 - (7 + 1)) + -21 + 0 + -1
-29
What is the value of -23 - ((14 - 18) + -13 + 14)?
-20
What is 5 + -98 + 1830 + -1740?
-3
What is the value of (-39 - 3) + -4 - (2 + (7 - 16) - -5)?
-44
30 - (-5 + 13 + -22 + 13) - -13
44
What is the value of (-8 + 14 + -12 - -42) + 33 + -30?
39
-778 + 694 - (-38 + -18)
-28
What is (2 - 1 - -2 - (-158 + 163)) + -1 + -9?
-12
What is (3 - ((17 - (47 - 12)) + -14)) + (-6 - 4)?
25
(-16 + 85 - 10) + (52 - 43)
68
Calculate -2 - -3 - 18 - (41 + -30 + -2).
-26
Calculate -2 + -10 + (-9 - 3 - (90 + (29 - 26))).
-117
What is 13 - ((3 - -22) + -28 - (-66 - -3)) - 6?
-53
Evaluate -68 - (24 + -74) - -24.
6
-56 - (19 - (44 - -11))
-20
Evaluate 5 + (10 - (8 - -20) - -21).
8
Calculate 100 + (-21 + -1 - (8 + -17) - (31 - 52)).
108
What is -10 - (-18 + -59 + 0)?
67
Evaluate 204 + -92 + (-34 - 3) - (11 + (3 - 4)).
65
What is the value of (-75 - -55 - -33) + -14?
-1
(14 + 16 - 88) + (-2 - 11) + 18
-53
What is the value of (-43 + 100 - 74) + -1 + -26?
-44
Calculate (4 - 7) + -15 + 20 + (16 - 22).
-4
Evaluate -13 + -1 + -40 + 74.
20
Calculate -12 + 5 + (-4 - 6 - -9) + 38 + 6.
36
Evaluate -55 - (5 + (-1 - -16 - (-1 - -9))).
-67
Calculate 433 + -423 - (3 + -1 + -32).
40
Calculate 381 - 410 - (-2 + (-6 - 5)).
-16
What is -5 + -29 